f 112 and v?
16
Suppose 10*o - 7*o = 18. Suppose 0 = -o*q - 0*q + 84. What is the highest common factor of q and 252?
14
Let x = 2799 - 2783. Calculate the highest common factor of 592 and x.
16
Let n = 41 - 34. Let x = n + 23. Let q be 47 + (0/1 - 2). What is the highest common divisor of x and q?
15
Let n = -6 - -11. Suppose -n*p - 21 = -71. Let q be (-34 - -56)/(3 - 42/15). What is the greatest common factor of p and q?
10
Suppose 4*s + 181 = -267. Let m = s + 207. Suppose -m = -8*l + 3*l. Calculate the highest common divisor of l and 171.
19
Suppose -5*a = -6*a + 93. Let y = a + -71. Calculate the greatest common divisor of 132 and y.
22
Let u(b) = 26*b**2 - 779*b + 6. Let a be u(30). Let k = -1 + 5. What is the greatest common factor of a and k?
4
Suppose 0 = m - 3, u = -3*u - 4*m + 20. Let h be 129/6 + u/4. Let s be (-2 - -2) + 0 + h. Calculate the highest common factor of 22 and s.
22
Let k(a) = a**2 + 18*a - 59. Let b be k(-21). Calculate the highest common factor of b and 32.
4
Suppose -5*b - 3*v + v - 1 = 0, 5*b = 2*v + 11. Let q be 0 - b - (-18 + 12). Calculate the greatest common divisor of q and 55.
5
Let s(x) = -216*x**3 - 2*x**2 + 1. Let j be s(-1). Suppose -2*f + 2*d = -92, 4*f + 2*d - j = -55. Calculate the greatest common divisor of f and 14.
14
Let l be (20/(-15) + 1)*-12. Suppose -5 = -c, l*q - c - 160 + 45 = 0. What is the greatest common divisor of q and 20?
10
Suppose 0 = 2*r - 10 - 0. Let s = r + -2. Suppose -7 = -n - x - 3*x, -s = 3*x. Calculate the highest common divisor of 77 and n.
11
Suppose i + 3*i = 352. Let y(j) = 2*j - 5. Let q be 116/14 + (-4)/14. Let z be y(q). Calculate the highest common factor of i and z.
11
Suppose -2*r - 3*r = -25. Suppose -5*v = 3*b - 53, 0*b = 4*b + r*v - 64. Calculate the greatest common factor of b and 22.
11
Suppose 0 = 3*r - 3*d - 108, -5*r = 5*d - 8*d - 180. Calculate the highest common divisor of r and 144.
36
Suppose -5*l + 7 + 8 = 0. Suppose r - 116 = -l*k + 3*r, -4*r - 32 = -k. Let y = -27 - -32. What is the highest common factor of k and y?
5
Let s(h) = 16 - h + 4*h + h - 3*h. Let w be s(19). What is the highest common factor of w and 175?
35
Suppose -5*j + 23*j - 180 = 0. Suppose 171 = 19*z - j*z. Let n(d) = 7*d**2 + 7*d - 1. Let b be n(5). What is the highest common divisor of z and b?
19
Let m(x) = -131 - 9*x - 52*x + 127. Let z be m(-1). Calculate the greatest common factor of z and 19.
19
Suppose -25*y = -8*y - 4998. Calculate the highest common factor of y and 28.
14
Let j = -14 + 28. Let z = -10010 + 10164. What is the highest common divisor of z and j?
14
Suppose 2*j + 3*u = 220 - 55, -5*j - 5*u = -425. Calculate the greatest common factor of j and 180.
90
Let v(j) be the first derivative of 1 - j**3 - 1/4*j**4 - 3*j + j**2. Let z be v(-4). Calculate the highest common divisor of 40 and z.
5
Suppose -5*g - 481 - 3 = 2*m, -5*g - 470 = -5*m. Let v be (g/80)/((-1)/(-40)). Let h = 84 + v. What is the highest common factor of h and 90?
18
Suppose -463 - 291 = 13*k. Let b = k - -62. Calculate the greatest common factor of 28 and b.
4
Let x be -3 + 4 + -1 + 14. Suppose -4*u - u = u. Let p be 28/12*(1*6 - u). What is the greatest common factor of x and p?
14
Let s(l) = 6*l + 13*l**3 - 26*l**3 - 2*l + 8 - 20*l**3 - l**2. Let o be s(-2). Suppose 180 = 5*z + 50. Calculate the greatest common divisor of z and o.
26
Suppose 52 = 5*i - 2*d, i - 3*d + 27 = 4*i. What is the greatest common divisor of 8 and i?
2
Suppose -3*r + 158 = -4*b - 231, 507 = 4*r - 3*b. Suppose u - r = 10. What is the highest common factor of u and 19?
19
Suppose 2*w - 5 = w, 0 = 5*r + 3*w - 645. Let c be ((-8)/6)/((-68)/51). Let n be (-5)/c + 1 - -18. Calculate the greatest common factor of r and n.
14
Let j(k) = -2 - 9*k + 5*k - 5. Let z be j(-3). Suppose -23 = -z*x + 117. Calculate the highest common factor of 196 and x.
28
Let z = -126 - -122. Let u be z/2 - (-62 + 4). What is the highest common divisor of 14 and u?
14
Suppose -10 = -3*k + 11. Suppose -v + 2*u = -35, v - k = -5*u - 0. Suppose 5*a - v = 2*a. What is the greatest common factor of a and 81?
9
Suppose 25*k = 54*k - 1450. What is the highest common divisor of 390 and k?
10
Let v(x) = x**2 + x + 3. Let u be v(3). Let c = -24364 - -24367. Calculate the highest common divisor of u and c.
3
Let x(k) = k**2 + k + 2*k + 2*k - 18*k**2 - 2 + 4*k**3. Let s be x(4). Suppose u - 11 - 5 = 0. Calculate the greatest common factor of u and s.
2
Let j(v) = 2*v + 40. Let m be j(-8). Calculate the highest common factor of m and 18.
6
Let i(p) = -2*p**3 + 17*p**2 - 14*p - 17. Let m be i(7). Calculate the greatest common divisor of 152 and m.
8
Let u(p) = 2*p - 30. Let o be u(-11). Let z = o - -118. Calculate the highest common factor of z and 165.
33
Let m be (24 + -28)/((-1)/184). What is the greatest common divisor of 32 and m?
32
Suppose -3*a - 4*d + 54 = 0, -2*a - 5*d = -11 - 25. What is the highest common factor of 126 and a?
18
Let s(a) = 23*a - 4. Let j be s(4). Let b(x) = -2*x**2 + 9*x + 2. Let u be b(4). Suppose u*t = 8*t - 22. Calculate the highest common factor of j and t.
11
Let x be 1/2 + 429/6. Suppose 0 = 24*l + 23*l - 2256. Calculate the greatest common divisor of l and x.
24
Let r(s) = -4*s - 6. Suppose 14*g + 15 = 9*g. Let j be 13/g + (-4)/(-12). Let p be r(j). Calculate the highest common factor of 50 and p.
10
Let o(f) = 3*f**3 - 3*f**2 - 2*f + 6. Let p be o(3). Let g be 1 - 2 - (-246)/(2 - -1). Calculate the highest common factor of p and g.
27
Let l be -14*3*2/12. Let g = l - -11. Let q(p) = 2*p + 4. Let a be q(g). Calculate the highest common factor of a and 30.
6
Let i = 152 + -120. Suppose -4 = -4*s + 4*o, -4*s - o = -4*o - 7. What is the greatest common factor of i and s?
4
Let d = -54 - -270. What is the highest common factor of d and 27?
27
Let u(q) = -2*q - 5. Let t be u(-4). Let n(l) = l**2 - 81*l + 21. Let a be n(0). What is the greatest common divisor of t and a?
3
Suppose -23 = -13*y + 3. Suppose 4*z + 4*p = p - 1, -4*p - 4 = 4*z. Suppose 4*f - 18 = z*f + y*u, -3*f + 7 = u. Calculate the highest common divisor of 4 and f.
4
Suppose 4*t - 8 = 0, -9440 - 1734 = -5*j + 3*t. Calculate the highest common divisor of 26 and j.
26
Let p(m) = -m**3 - 8*m**2 - 7*m. Let g be p(-7). Suppose 2*u - 114 - 108 = g. What is the greatest common divisor of 74 and u?
37
Suppose 4*y = -3*z - 0*z + 23, y = 5. Let n(g) = 19*g - 2. Let t be n(2). Let u be (-1)/((-112)/t - -3). What is the greatest common factor of u and z?
1
Let i = -580 + 640. Calculate the highest common divisor of 480 and i.
60
Suppose -11*q + 540 = -7*q. What is the highest common factor of 180 and q?
45
Let f be (-1 - 2 - 1)/(8/(-484)). What is the greatest common divisor of 22 and f?
22
Let s = -123 - -118. Let y be (15 - s) + 20/5. What is the highest common factor of 30 and y?
6
Let c(y) = 8*y**2 + 3*y - 3. Suppose -6*q - 9 = 9. Let f be c(q). Calculate the highest common divisor of f and 15.
15
Let s = -188 - -364. What is the highest common factor of s and 22?
22
Suppose -11 - 385 = -3*l. What is the highest common divisor of 60 and l?
12
Suppose -21*g - 5*g + 2184 = 0. What is the greatest common divisor of g and 798?
42
Suppose -5*m - 4 = -k + 3, -4*m = 4*k - 28. Suppose 0 = 2*b - k - 23. Suppose 4*j - 9 - b = 0. Calculate the greatest common factor of j and 48.
6
Let r(b) = -b + 6. Let d be r(6). Suppose -7*v + 260 + 76 = d. Calculate the greatest common factor of v and 12.
12
Let u(l) = -l**3 - 3*l**2 + 2. Let f be u(-3). Let m be (3 - 2)*(f + 0). Let h be (-160)/24*(-9)/m. What is the greatest common divisor of 10 and h?
10
Let j(y) = -y**3 - 4*y**2 - 3*y. Let x be j(-2). Let t(m) = m**2 - 1. Let u be t(x). Suppose -u*z - 20 = -5*z. Calculate the highest common factor of z and 20.
10
Let k = 90 + -30. What is the highest common factor of 420 and k?
60
Let k = 40 - 25. Suppose -4*y - 2120 = -272. Let s = -327 - y. What is the highest common divisor of k and s?
15
Let j be -2 - (2 + -46)/1. Let a = 25 + -40. Let w = a + 29. What is the greatest common divisor of w and j?
14
Let b be ((-4)/30*5)/((-2)/(-114)). Let l = -27 - b. What is the greatest common factor of l and 55?
11
Suppose 0 = -4*j + 3*q + 4291, -4*j - 1069 = -5*j + 2*q. Calculate the highest common divisor o